 v*w = -6290 + 44246. Is w a composite number?
False
Let p be (-12 + 585/30)*4/10. Let n(d) = -30*d + 1. Let j be n(-10). Suppose -j - 170 = -p*t. Is t prime?
True
Let p(z) = -37*z**2 + 19*z + 39. Let m(j) = -j. Let g(y) = -4*m(y) - p(y). Is g(-8) a composite number?
True
Let r(z) = -30*z**2 - 22*z - 62. Let t(d) = 12*d**2 + 9*d + 25. Let s(y) = -5*r(y) - 12*t(y). Let o be s(-3). Suppose 195 = g - o. Is g a composite number?
True
Suppose 5*j = -5*y + 7098 - 25063, -4*y = 3*j + 10780. Let m = 8453 + j. Is m composite?
False
Suppose -2*v = -5*m - 60880 + 201427, 4*v + 28113 = m. Is m a composite number?
False
Let z = -6994 + 16577. Let j = z + -5534. Is j composite?
False
Is (56/280)/((-3)/(-232665)) composite?
False
Let g(h) = 213*h**3 - 5*h**2 + 48*h - 213. Is g(5) composite?
True
Let m be (-30)/(-4)*(-292728)/36. Is m/(-2)*10/25 a prime number?
True
Let j = 30 - 25. Suppose -2*a + 1023 + 5195 = i, 0 = -j*a - i + 15551. Suppose -6004 = -5*q + a. Is q prime?
True
Suppose 5*f = -y + 2457090, -36*f = -41*f - 6*y + 2457115. Is f a prime number?
True
Let u = 244 + -251. Is (-147510)/(-63) + 3/u + 1 prime?
False
Let t = 194 - 179. Is 1662 + t*5/(-15) a composite number?
False
Let y = 42 - 37. Suppose 4*p - 5*a = 12557, y*a - 4*a = -p + 3146. Suppose p = 7*v - 0*v. Is v composite?
False
Let j be (3 - 20/15) + 8/6. Suppose m + 4*m - 39516 = r, -j*m + 5*r = -23714. Is m prime?
False
Let n(l) = -7014*l + 2065. Is n(-11) a prime number?
False
Suppose -5*k - 10 = 0, 5*q + 3*k - 6 = 13. Suppose 6*c + b = q*c + 4700, 0 = 4*b - 4. Is c composite?
True
Suppose -88*d + 13396267 - 2676500 = -398945. Is d prime?
True
Let k = 2423 + 966. Is k a prime number?
True
Is (-2)/(-1) - 6 - (-150 + -27251) prime?
True
Suppose 2*a - 1934 = 3066. Is a - ((-5)/(-1) - 2) a composite number?
True
Let z = 14 - 14. Suppose z*c - 3*c - 1293 = -2*a, -4*c - 3*a - 1741 = 0. Let s = 1224 + c. Is s a composite number?
True
Is -68*((-15948)/48 - -13) prime?
False
Suppose 2*t = 9 - 3. Suppose 4*f - 2*d = 730, 390 = 5*f - t*f + 4*d. Is f composite?
True
Suppose 0 = 3*o - 0*o + 135. Let u = -42 - o. Suppose u*n - 5*j - 3476 = 0, 993 = n + 5*j - 159. Is n prime?
False
Is 41947074/27 + (-217)/21 + 8 - 6 a prime number?
False
Suppose -162*q - 33068247 - 5488190 = -469*q. Is q a prime number?
True
Let t(d) be the second derivative of -43*d**3/2 + 8*d**2 + 62*d. Suppose 0 = 14*j - 6*j + 56. Is t(j) composite?
False
Let a = 339500 + -150873. Is a a composite number?
True
Let o(w) = -16 + 7 + 17 + 50 + 91*w. Is o(9) a prime number?
True
Let z = 3670 - -14001. Is z prime?
False
Let q be (-1)/2*(-106 + 94). Suppose 3*c = q, 0 = -5*x - c + 75371 + 22726. Is x composite?
True
Let b(g) = -g**2 - g + 1. Let j(p) be the first derivative of -5*p**4/4 - p**3 + p**2/2 + 4*p + 3. Let d(x) = -b(x) + j(x). Is d(-2) a composite number?
False
Let m be -3 - ((-260)/(-4) + -3). Suppose q + 5*w = 6, -3*q + 95 = 5*w + 37. Is 4/q + (-26835)/m a prime number?
False
Suppose -2*x + 7*h = 10*h - 4513, 0 = -4*x - 4*h + 9028. Suppose 3*g - 22645 = -8146. Let u = x + g. Is u a prime number?
False
Suppose 5*s + 5*l - 56380 = 0, 3*l = -s - l + 11285. Is s prime?
True
Let j(h) = 488*h**3 - 4*h**2 + 3*h + 5. Let c be j(2). Let x = 1812 + c. Is x a prime number?
True
Let b(m) = -5 + m - m + 3 - m. Let h be b(-2). Suppose 4*n = -h*n + 5*t + 1152, -1192 = -4*n - 5*t. Is n a composite number?
False
Suppose 46*m + 2106692 = 74*m. Is m a prime number?
True
Suppose 3*m + 0*p - 37 = -2*p, 5*p = 3*m - 2. Suppose -2*v - m = -5*v. Is v*(-6)/9*-7 composite?
True
Let i(g) = 6*g - 19. Let b be i(4). Let a be 4*(-6)/(-8) + b*5. Let v = -9 + a. Is v a prime number?
True
Is (6*56/72 + -5)*-1301169 a composite number?
False
Let y(q) = 11 - 26*q - q**3 + 7*q**2 - 18*q + 51*q. Let f be y(8). Suppose x + f*x - 2140 = 0. Is x a composite number?
True
Let i be (-2 + -4)/((-6)/4388). Suppose 0 = -5*y - 4*x + 6, 3*y - 3*x = 4 + 5. Suppose 0 = 5*h + y*u - u - i, h = -2*u + 883. Is h prime?
True
Suppose -6*a + 140335 - 31903 = 0. Suppose 0 = 7*n - 24845 - a. Is n prime?
True
Suppose 5*r + 17029 - 184799 = -3*a, -5*r + 4*a + 167735 = 0. Is r prime?
False
Let t be (-6)/(6/(-4) - 0). Suppose -2*u + 16522 = 4*r, 0 = 516*u - 517*u + 3*r + 8256. Suppose 3*g - 8263 = -4*x - x, -5*x + u = t*g. Is x prime?
False
Suppose 0 = -5*u - 2*v + 60, -5*u + 12 = -4*u + 5*v. Suppose u*j = -21*j + 4257. Is j composite?
True
Is (-1*21/9)/(((-24)/93762)/4) prime?
False
Let t = 2869 + -1471. Suppose n + 440 = 5*f + t, 0 = 4*n + 3*f - 3832. Is n a prime number?
False
Suppose -5*k + 77396 = -k + 2*p, 77380 = 4*k - 2*p. Suppose -8*x + k = -26965. Is x a prime number?
False
Suppose 0 = 24*v - 26*v + 3*n + 307855, 0 = 5*v + 5*n - 769650. Is v a composite number?
False
Suppose -12*d - 212 = 400. Is (-4)/(-272)*8 - 171915/d a prime number?
True
Suppose 0 = -10*x - 21*x + 95728. Suppose 6*i - 19402 + x = 0. Is i a composite number?
False
Is 376/5076 - 11490897/(-81) a prime number?
True
Suppose 9*r - 919 = -190. Is r/54 - (52482/(-4) + 1) prime?
True
Let k(y) = 1060*y + 323. Is k(9) prime?
False
Let a(g) = -9*g**3 - 28*g**2 - 21*g - 193. Is a(-26) composite?
False
Suppose -2*i + 4*s + 44 = 0, -s = 4*i - 6*s - 100. Suppose i*a + 63658 = 44*a. Is a prime?
True
Suppose 2*n - 4*c + 3*c = 5, -n = c - 4. Suppose -n*j = -48 - 261. Let y = 498 - j. Is y prime?
False
Is -2 + (99561/(-14))/(-11)*(-2578)/(-3) a composite number?
False
Suppose 68*j + 13*j = 5*j + 16358164. Is j prime?
True
Let l(t) = -t**3 - 7*t**2 + 11*t + 17. Let v be l(-8). Is (3 - -6)/63 - 67108/v a composite number?
False
Suppose -2*l + v = -5, 2*l = -3*l + 2*v + 14. Suppose r = -2*i + 3*i + 3, 5*i = l*r - 13. Let o(u) = -1049*u**3 + u**2 + 2*u + 1. Is o(i) a composite number?
False
Suppose -4*b - 8 = 0, -4*y + 0*b - 2*b + 316 = 0. Let x = y - -43. Let t = 208 - x. Is t composite?
True
Let t = 1035711 + -322474. Is t prime?
False
Let l be (-12)/(-18)*(-9441)/6. Is (4*l)/(-4) - 6 a prime number?
False
Is (1680940/25)/((-148)/(-185)) prime?
True
Let i be 5 - 18/((-10)/(-5)). Is i - (-1 + (-1662)/(-4))*-22 a prime number?
False
Suppose b - h - 25 = 16, 0 = 3*b - 5*h - 127. Suppose 36*y - b*y = -58791. Is y composite?
False
Let t(h) = 13*h**2 - 10*h + 10. Let k be t(6). Suppose 10*n + k = -242. Let d = n - -175. Is d a prime number?
True
Let i = 98 + -78. Let t be 4 - (i/(-90) - 256/(-18)). Let s = 35 + t. Is s a composite number?
True
Suppose 68*n = 73*n - 60. Suppose 13*x - 10*x - n = 0. Suppose 0 = 4*a - 3*d - 761, 4*d - 990 = -a - x*a. Is a prime?
False
Let t(h) = -h**2 + 23*h + 212. Let a be t(30). Suppose a*s - 4*w = 258, -3*s + 6*w = 3*w - 390. Is s composite?
False
Suppose 20*c - 16*c = -9228. Let f = c + 8329. Suppose u - w - 4740 = -1729, f = 2*u - w. Is u a prime number?
True
Suppose 50*w = 2*j + 55*w - 60808, 0 = j + w - 30395. Is j composite?
False
Suppose -i + 3*t - 4*t = -41, 121 = 3*i + 2*t. Let s = 626 - i. Is s a prime number?
True
Let z = -200 - -218. Suppose -7555 = -19*v + z*v. Is v a prime number?
False
Suppose 54*v - 48616007 = -2676749. Is v a prime number?
True
Let a = 589958 - 350555. Is a prime?
False
Suppose 66686 = m - 14*u + 11*u, -2*m + 3*u = -133372. Is m a composite number?
True
Let z be (203/14 - 7)*604/6. Let q = 4106 - z. Is q a composite number?
True
Suppose 0 = 5*b + 3*v - 366740, -1695*b = -1699*b - 2*v + 293390. Is b prime?
False
Is (-6)/(-9) - (-12 + (-1039729)/3) a prime number?
True
Suppose -3*d - 4*n + 41 = 0, -2*n + 92 - 33 = 5*d. Let i be 96/(35/d - 3)*1. Let s = 793 - i. Is s a composite number?
True
Let x(s) = -3*s**2 - 6*s**3 - 8*s**2 + s + 3957 - 3996. Is x(-20) composite?
False
Suppose 1648805 = 5*q + 5*f, -75*q + f + 989287 = -72*q. Is q a prime number?
False
Let t(n) = -108*n - 5. Let m(l) = 324*l + 15. Let b be (-17)/5 + 27/(-45). Let r(v) = b*m(v) - 11*t(v). Is r(-2) composite?
False
Let t be ((-132)/30 - -4)*-20. Let i be 4 - (4/4 - t). Suppose i*s = 9*s + 18710. Is s a prime number?
False
Suppose -91718 = 58*a - 747060. Is a a composite number?
False
Suppose 25*f - 188738 - 5900687 = 0. Is f a prime number?
True
Let r be 2/8 - (-26)/(-8) - -42328. Suppose -79*k + 74*k = -r. Is k a composite number?
True
Let j be ((50/4)/5)/((-1)/(-6)). Suppose 0 = -o + 4*k + 4315, 2*